he prime factors of 144403441?
7, 13, 29, 7817
List the prime factors of 393858446.
2, 139, 1416757
What are the prime factors of 395215623?
3, 11, 43, 263, 353
What are the prime factors of 216388155?
3, 5, 17, 379, 2239
What are the prime factors of 19034407?
7, 17, 97
What are the prime factors of 101554792?
2, 12694349
What are the prime factors of 51497910?
2, 3, 5, 29, 6577
List the prime factors of 286361331.
3, 19, 997, 5039
What are the prime factors of 156281189?
4787, 32647
List the prime factors of 451325634.
2, 3, 53, 1419263
What are the prime factors of 37824011?
3779, 10009
List the prime factors of 48904503.
3, 101, 103, 1567
What are the prime factors of 238660790?
2, 5, 17, 1403887
What are the prime factors of 18249011?
11, 127, 13063
List the prime factors of 246413540.
2, 5, 12320677
List the prime factors of 175233039.
3, 1093, 53441
What are the prime factors of 191226080?
2, 5, 47, 59, 431
List the prime factors of 115062424.
2, 181, 229, 347
What are the prime factors of 948666978?
2, 3, 7, 836567
What are the prime factors of 39740274?
2, 3, 7, 23, 653
List the prime factors of 2281556768.
2, 71298649
List the prime factors of 63779647.
63779647
List the prime factors of 411790469.
411790469
List the prime factors of 48068900.
2, 5, 11, 89, 491
List the prime factors of 939374777.
11, 85397707
List the prime factors of 272817618.
2, 3, 19, 2393137
What are the prime factors of 35062798?
2, 29, 31, 19501
What are the prime factors of 67958073?
3, 139, 54323
What are the prime factors of 24251781?
3, 1621, 4987
What are the prime factors of 1404273965?
5, 280854793
What are the prime factors of 40134170?
2, 5, 71, 56527
List the prime factors of 97681026.
2, 3, 16280171
What are the prime factors of 3852047896?
2, 4073, 118219
What are the prime factors of 69686778?
2, 3, 7, 487, 3407
What are the prime factors of 73255112?
2, 7, 307, 4261
What are the prime factors of 115571738?
2, 941, 61409
List the prime factors of 1844140207.
7, 13, 23, 881099
What are the prime factors of 122790976?
2, 7, 11, 24917
What are the prime factors of 191804649?
3, 751, 85133
What are the prime factors of 1372803479?
29, 47338051
What are the prime factors of 40335156?
2, 3, 89, 12589
What are the prime factors of 244411825?
5, 7, 37, 37747
List the prime factors of 53764307.
127, 423341
What are the prime factors of 2136155731?
19, 109, 1031461
What are the prime factors of 6738561320?
2, 5, 17, 9909649
List the prime factors of 326039872.
2, 17, 41, 7309
What are the prime factors of 1522049012?
2, 11, 23, 163, 9227
List the prime factors of 36741686.
2, 47, 390869
List the prime factors of 13293608.
2, 61, 27241
What are the prime factors of 824676901?
331, 2491471
What are the prime factors of 1702662681?
3, 567554227
What are the prime factors of 357798265?
5, 11, 401, 16223
List the prime factors of 7424687743.
11, 674971613
List the prime factors of 3379239.
3, 41719
List the prime factors of 170844736.
2, 23, 277, 419
What are the prime factors of 762730326?
2, 3, 83, 510529
List the prime factors of 545550317.
13, 23, 1824583
What are the prime factors of 409704174?
2, 3, 11, 2069213
What are the prime factors of 35978408?
2, 241, 18661
What are the prime factors of 29730104?
2, 29, 128147
List the prime factors of 3464733014.
2, 137, 12645011
List the prime factors of 189928409.
11, 17266219
List the prime factors of 160909519.
1523, 105653
What are the prime factors of 430784268?
2, 3, 35898689
List the prime factors of 208913344.
2, 3264271
What are the prime factors of 2096399713?
19, 110336827
What are the prime factors of 4056666352?
2, 253541647
What are the prime factors of 776338651?
11, 19, 281, 13219
List the prime factors of 32561094.
2, 3, 5426849
What are the prime factors of 1027169299?
13, 29, 2724587
What are the prime factors of 17440918?
2, 11, 792769
What are the prime factors of 21386539?
61, 229, 1531
List the prime factors of 509138218.
2, 10391, 24499
What are the prime factors of 5426611994?
2, 13241, 204917
List the prime factors of 451591276.
2, 2027, 55697
List the prime factors of 10046572.
2, 2511643
List the prime factors of 331343210.
2, 5, 11, 3012211
List the prime factors of 116975207.
116975207
What are the prime factors of 33122888?
2, 4140361
What are the prime factors of 4519481198?
2, 6359, 355361
List the prime factors of 365750443.
281, 1301603
What are the prime factors of 41789793?
3, 317, 43943
What are the prime factors of 297885369?
3, 211, 470593
List the prime factors of 127743312.
2, 3, 31, 293
What are the prime factors of 38818745?
5, 7, 281, 3947
List the prime factors of 234225967.
863, 271409
What are the prime factors of 613091539?
613091539
What are the prime factors of 558005403?
3, 186001801
List the prime factors of 67379213.
11, 23, 31, 71
What are the prime factors of 428857923?
3, 13, 1373, 8009
List the prime factors of 445593862.
2, 7, 103, 309011
List the prime factors of 69947067.
3, 31, 73, 10303
List the prime factors of 7883228897.
97, 81270401
What are the prime factors of 4870872059?
317, 15365527
What are the prime factors of 13853443?
97, 251, 569
What are the prime factors of 336821525?
5, 2459, 5479
List the prime factors of 930966994.
2, 61, 347, 21991
List the prime factors of 4793193160.
2, 5, 7, 2477, 6911
What are the prime factors of 190075?
5, 7603
What are the prime factors of 81989060?
2, 5, 83, 49391
What are the prime factors of 437801486?
2, 7159, 30577
List the prime factors of 373809960.
2, 3, 5, 1019
What are the prime factors of 47828779?
47828779
What are the prime factors of 23425600?
2, 5, 11
List the prime factors of 1027183210.
2, 5, 2963, 34667
List the prime factors of 775170994.
2, 13, 29814269
What are the prime factors of 39182762?
2, 97, 201973
List the prime factors of 75550107.
3, 1667, 15107
List the prime factors of 2302652151.
3, 53, 83, 19387
What are the prime factors of 61478349?
3, 37, 83, 6673
List the prime factors of 31734905.
5, 1367, 4643
What are the prime factors of 125708764?
2, 31427191
List the prime factors of 536191862.
2, 73, 3672547
List the prime factors of 126365280.
2, 3, 5, 41, 6421
List the prime factors of 51826630.
2, 5, 5182663
List the prime factors of 1320728.
2, 19, 8689
What are the prime factors of 3550857301?
40829, 86969
List the prime factors of 5467800977.
47, 127, 916033
List the prime factors of 360883165.
5, 73, 97, 10193
What are the prime factors of 8866843875?
3, 5, 71, 37003
List the prime factors of 3787619255.
5, 7, 108217693
What are the prime factors of 492762116?
2, 7, 11, 1599877
What are the prime factors of 306950860?
2, 5, 271, 56633
List the prime factors of 948680213.
13, 72975401
List the prime factors of 603632520.
2, 3, 5, 139, 4021
What are the prime factors of 751675688?
2, 3659, 25679
List the prime factors of 158118656.
2, 617651
List the prime factors of 9182300.
2, 5, 91823
List the prime factors of 1197206331.
3, 71, 557, 10091
List the prime factors of 11205725.
5, 19, 31, 761
List the prime factors of 542716175.
5, 79, 283, 971
List the prime factors of 766874057.
29, 26443933
List the prime factors of 98159068.
2, 7, 3505681
What are the prime factors of 244217687?
7, 47, 661, 1123
What are the prime factors of 91083448?
2, 11385431
List the prime factors of 75866345.
5, 73, 347, 599
What are the prime factors of 2965336628?
2, 103, 7197419
What are the prime factors of 1138915759?
37, 43, 715849
What are the prime factors of 1762151?
281, 6271
What are the prime factors of 88332007?
19, 244687
List the prime factors of 355460691.
3, 1847, 64151
What are the prime factors of 85052060?
2, 5, 337, 12619
What are the prime factors of 9421586?
2, 271, 17383
List the prime factors of 282480604.
2, 7, 683, 14771
What are the prime factors of 1282706673?
3, 1913, 223507
What are the prime factors of 551605436?
2, 863, 159793
List the prime factors of 115079271.
3, 53, 479, 1511
What are the prime factors of 26032306?
2, 827, 15739
List the prime factors of 7067957116.
2, 11, 37, 4341497
List the prime factors of 43045831.
29, 1061, 1399
What are the prime factors of 979343352?
2, 3, 13, 348769
List the prime factors of 59635065.
3, 5, 7, 17, 33409
What are th